= 25*n**2 - 69*n - 28. What is the tens digit of o(9)?
7
Let i be (-1 - 5 - -1) + 13. What is the tens digit of (0 - 7) + i - (-1 + -114)?
1
Let o = -21013 - -33089. What is the units digit of o?
6
Let b(v) = -1633*v + 1709. What is the units digit of b(-8)?
3
Suppose -2688 = -81*d + 49*d. Suppose 16068 = 110*t - d*t. What is the tens digit of t?
1
Let p = -1420 - -477. Let q = p - -1461. What is the hundreds digit of q?
5
Let z be (3 - 0)/(-1)*-1. Let v(u) = -u**2 - 43*u - 395. Let l be v(-30). What is the tens digit of 254*1/z + l/(-15)?
8
Suppose -p - 110*p = 115*p - 1345604. What is the units digit of p?
4
Suppose 2135*l - 2130*l = -40, -2*l = 3*d - 190565. What is the thousands digit of d?
3
Let p(x) be the third derivative of x**6/60 - x**5/60 - x**4/12 - 2*x**3/3 - 10*x**2. Let q be p(2). What is the tens digit of (q/(-10))/((-4)/1180)?
1
Let d(m) be the second derivative of 32*m**5/5 + m**4/12 + m**3/6 - m**2 - 19*m. Let f be d(1). Let o = 80 + f. What is the tens digit of o?
0
Suppose 4*b - 7*b + 968 = 2*u, -4*u - 944 = -3*b. Let w = 575 - b. What is the hundreds digit of w?
2
What is the tens digit of 68/189 + (-10)/35 - 3272110/(-270)?
1
Let l(g) = 4*g**2 + 2*g. Let f be l(-2). Suppose -138*d - 16 = -140*d. Suppose f*t = d*t + 268. What is the tens digit of t?
6
Suppose 30*r + 24 = 5*f + 32*r, f + 4 = 4*r. Let t(x) = 9*x - 9. Let n be t(6). Let l = n + f. What is the tens digit of l?
4
Suppose 7*t - 3*h = 10*t - 3576, -5*h - 2398 = -2*t. Let n = -670 + t. What is the hundreds digit of n?
5
Suppose -5*m = -10*m + 15. Let z(q) = 17*q**3 + 2*q**2 - q - 10. Let d be z(m). Suppose -104 = 2*j - d. What is the units digit of j?
0
Let k be -3 + 135/21 - 16/(-28). Suppose 16 = 5*j - k*j. Suppose -15*y = -j*y + 90. What is the tens digit of y?
9
What is the units digit of (-99405)/(-30) + (-6)/4 + -8?
4
What is the thousands digit of (-352863)/(-36) + 7/8*34/119?
9
What is the units digit of ((-247)/(-13) - -5682) + 0?
1
Suppose 35*u - 22*u + 18*u = 293477. What is the thousands digit of u?
9
Let c(b) = -39*b + 189. Let n be c(5). Let v(g) = -62*g + 96. What is the hundreds digit of v(n)?
4
Let z = 12357 + -11313. What is the tens digit of z?
4
Let h = 51 + -20. Suppose -4*u - 11 = -h. Suppose u*t + 0*t - 245 = 0. What is the units digit of t?
9
Let r(n) = n**2 + 15*n - 5. Let u be r(-16). Suppose 6 = u*x - 5*x. Let a(i) = 113*i**2 + i. What is the units digit of a(x)?
4
Let h(w) = 1084*w - 191. What is the hundreds digit of h(1)?
8
Suppose -9*s - 2645 = 163. What is the hundreds digit of ((-124)/(-6))/(2/s*-8)?
4
Suppose -32*t - 13206 = 52618. Let i = -1018 - t. What is the units digit of i?
9
Let w(q) = q**3 + 20*q**2 - 19*q + 17. Let s be w(-20). Let k = s - 278. What is the tens digit of k?
1
Suppose -9 = 2*y + y. Let g = y - -9. What is the units digit of g/(4/768*9)?
8
Suppose 2*b - 15752 = -3*d - 1962, 4*d = 2*b - 13846. What is the tens digit of b?
0
Suppose -13*n - 8*n = -4305. Suppose -f - 370 = -q + n, 2*f - 2276 = -4*q. What is the tens digit of q?
7
Let m(t) = 26 + 0*t**2 - 4*t**2 + 6*t**2 + 8*t. What is the tens digit of m(11)?
5
What is the units digit of (53 + 1)*15768/81?
2
Suppose -3*h = l - 3*l - 47, -5*l - 123 = -2*h. Let q = l + -29. Let m = 66 - q. What is the units digit of m?
0
Suppose -3*t - 93 = -21. Let u = t - -26. What is the units digit of (1125/18 + (-1 - -1))*u?
5
Let b be ((-5)/10)/(172/56 + -3). Let r = 93 - b. What is the units digit of r?
0
Suppose o - 24 = 7*o. Let l(c) = 2*c + 7. Let d be l(o). Let q = d - -38. What is the units digit of q?
7
What is the thousands digit of ((6/(-56))/((-2)/8))/((-1)/(-17773))?
7
Suppose 2*i = -5*c + 17852, -c - 10174 = -2*i + 7702. What is the thousands digit of i?
8
Suppose 0*x - 544 = 4*x. Suppose -6*g = -2639 + 545. Let d = x + g. What is the units digit of d?
3
Let w(t) = 2*t**2 + t - 3. Let m be w(0). Let p be 1 + 3 - 3 - 6/m. Suppose p*k - 396 = -k. What is the units digit of k?
9
What is the hundreds digit of 11/(-55) + (-1068534)/(-45)?
7
Let c(q) = -q**3 + 11*q**2 + 8. Let o be c(11). Suppose -3*f + o = 11. What is the tens digit of (-5 + f)*(-22)/(-8)*-2?
3
Suppose -1523622 = -410*k + 6304098. What is the ten thousands digit of k?
1
Let u = -110 + 53. Let m be ((-266)/u)/((-2)/(-198)*2). Suppose -m = -3*a - t, -3*a - 2*a - 4*t + 392 = 0. What is the tens digit of a?
7
Let g be 47370/(-21) + (-10)/35. What is the units digit of (g/470)/((-2)/(-310)*-1)?
4
Suppose 0 = 56*y - 47*y + 351. What is the tens digit of 371 + -1 + 3*52/y?
6
Suppose 3988 = l - 9256. Suppose -1548 = -8*f + l. What is the tens digit of f?
4
Let n(x) = 4 + 4*x + 15 + 10 - 6. What is the tens digit of n(21)?
0
Let w(v) = -494*v - 1411. What is the tens digit of w(-4)?
6
Suppose 0 = -3*x + 5*b - 108, -3*b + 5*b - 68 = 2*x. Let h = -32 - x. What is the units digit of 39 - (h + 5/(-5))?
1
Let n = 1013 - -10314. What is the units digit of n?
7
Suppose 318233 - 37658 = 45*f. What is the thousands digit of f?
6
Let x(q) = -7*q**3 - 13*q**2 - 24*q. Let f(s) = -2*s**3 - 6*s**2 - 11*s. Let p(r) = -13*f(r) + 6*x(r). Let z = -3 - -2. What is the tens digit of p(z)?
1
Suppose 4*q - 233476 = -4*k, -67*k + 72*k = -3*q + 291839. What is the units digit of k?
6
Suppose -10*u - 788 = -8*u. Let j = u + 1005. What is the tens digit of j?
1
Let i(m) = 10*m**2 + 6*m + 194. What is the units digit of i(12)?
6
Let w be 1/8 - 20891/(-104). Let s = 118 - w. Let d = -60 - s. What is the units digit of d?
3
What is the hundreds digit of ((-9710)/(-15))/(2/6 + (-2)/10)?
8
Let k = 59 + -59. Suppose -76*j + 72*j + 8 = k. Suppose 2*c = j*f + 2, 5*f - 1 = -c + 3*f. What is the units digit of c?
1
Suppose 19*l - 143127 = 598519. What is the ten thousands digit of l?
3
Let d(v) = 93*v + 31. Suppose m + 32 - 35 = 0. What is the units digit of d(m)?
0
Let s be (-156732)/(-96) - 3/(-8). Suppose -5*k + s + 1029 = -3*m, 3*k + 2*m = 1582. What is the tens digit of k?
3
Suppose 96*h - 2405624 - 751245 = 1526683. What is the ten thousands digit of h?
4
Suppose -4*r - 21000 - 1204 = -3*v, -2*v - 2*r + 14826 = 0. Suppose -41*c + v = -33*c. What is the tens digit of c?
2
Let h(g) = -11*g**3 - 4*g**2 - 15*g + 10. Let r(d) = -23*d**3 - 9*d**2 - 30*d + 20. Let z(p) = -13*h(p) + 6*r(p). What is the tens digit of z(5)?
4
Let m = 4 - 2. What is the hundreds digit of (-93)/((m/3)/(56/(-21)))?
3
Suppose 4*w - 11 = -4*q + 5, -w - 2*q + 9 = 0. Let n be 0/5 + (1 - w). Suppose 0 = 5*o, 41 = n*p + 5*o - 51. What is the tens digit of p?
4
Suppose 2*f + 11 + 17 = 0. Let w = 70 + f. Suppose -h - 7 + w = 0. What is the tens digit of h?
4
Suppose j = 4*p + 7394, 415*p - 418*p + 7352 = j. What is the hundreds digit of j?
3
Let j = 4665 - -203. What is the tens digit of j?
6
Suppose 30*w = -15*w + 54045. What is the tens digit of 8*7/56*w?
0
Let r be (1 + (-5)/2)*(-176)/66. Suppose 3*g = -4*v + 20, 4*v - r = g - 0*g. Suppose 385 + 99 = g*b. What is the tens digit of b?
2
Let t(d) = -d**3 + d**2 - d + 1. Let g(f) = 3*f**3 - 22*f**2 - 22. Let i(z) = -g(z) - 2*t(z). What is the tens digit of i(20)?
6
Suppose 263 - 1107 = -4*p. Suppose -2*l + 3*v + 254 = -183, -l = v - p. What is the tens digit of l?
1
Let n = 0 + 9. Suppose -653 - 1210 = -n*u. What is the units digit of u?
7
Suppose 2*l + l = -5*o + 7604, -4*l = 4*o - 10136. What is the thousands digit of l?
2
Let p(k) = -k**3 + 4*k**2 - 2*k + 4. Let i be p(3). Suppose 13*q - 6*q = -i. Let z(r) = -135*r**3 - r - 1. What is the tens digit of z(q)?
3
Suppose t - 164 = -4*z - 0*t, -206 = -5*z - t. Suppose 2*a = 8*a - z. Let o(s) = 2*s**2 - 11*s + 5. What is the tens digit of o(a)?
2
Suppose -11*t = -6*t - 2*n - 17092, 2*n - 3416 = -t. What is the tens digit of t?
1
Let z = 179 + -169. Let w(k) = 3*k**3 - 16*k**2 + 23*k - 25. What is the hundreds digit of w(z)?
6
Let z be ((-152)/(-12) + -6)*219. Suppose 0 = 50*r - 46*r - z. What is the hundreds digit of r?
3
Let y(o) = 3*o**2 - o + 24. Let h be y(8). Suppose -3*j + h = -k, -3*j + 4*k = -0*j - 193. What is the units digit of j?
1
Let o(t) = 32*t**2 + 5. What is the units digit of o(5)?
5
Suppose 4*v - 3*g + g - 17996 = 0, 3*v - 3*g - 13500 = 0. Suppose -5*q + v = 1213. What is the hundreds digit of q?
6
Suppose -13 = 3*g - 2*a - 63, -5*g + a + 81 = 0. Suppose